f 29?
False
Does 11 divide 1573?
True
Is 32 a factor of 224?
True
Is 7 a factor of 23079?
True
Is 1371 even?
False
Is 6 a factor of 1716?
True
Is 46 a factor of 782?
True
Is 13 a factor of 45357?
True
Is 5768 a multiple of 56?
True
Does 72 divide 5688?
True
Does 23 divide 9008?
False
Does 28 divide 2548?
True
Does 14 divide 1092?
True
Is 14 a factor of 2310?
True
Is 72 a factor of 11653?
False
Does 21 divide 5796?
True
Is 27463 a multiple of 29?
True
Is 107 a factor of 19795?
True
Is 152 a factor of 1672?
True
Is 10423 even?
False
Does 63 divide 338?
False
Does 15 divide 1455?
True
Is 99 a multiple of 9?
True
Is 14 a factor of 482?
False
Is 1760 a multiple of 16?
True
Does 5 divide 1250?
True
Does 6 divide 812?
False
Does 38 divide 2166?
True
Is 11508 a multiple of 7?
True
Does 38 divide 36063?
False
Does 8 divide 17728?
True
Is 240 a multiple of 15?
True
Is 15 a factor of 24514?
False
Is 11745 a multiple of 261?
True
Is 16 a factor of 17?
False
Does 180 divide 25380?
True
Is 15200 a multiple of 200?
True
Is 3512 a multiple of 19?
False
Is 472 a multiple of 54?
False
Is 19 a factor of 25517?
True
Does 14 divide 398?
False
Is 32 a factor of 2854?
False
Does 23 divide 20451?
False
Is 9 a factor of 600?
False
Is 13 a factor of 20263?
False
Is 173 a factor of 3398?
False
Is 11 a factor of 10120?
True
Is 11 a factor of 4115?
False
Is 11703 a multiple of 58?
False
Is 16954 a multiple of 13?
False
Is 8770 a multiple of 48?
False
Is 2 a factor of 871?
False
Is 20 a factor of 2567?
False
Does 20 divide 440?
True
Is 6095 a multiple of 21?
False
Is 19 a factor of 76?
True
Does 27 divide 4158?
True
Is 13 a factor of 26377?
True
Does 141 divide 20224?
False
Is 853 a multiple of 7?
False
Does 14 divide 5573?
False
Is 144777 a multiple of 13?
False
Is 8674 a multiple of 7?
False
Does 13 divide 832?
True
Is 3168 a multiple of 18?
True
Is 18810 a multiple of 110?
True
Is 1375 a multiple of 55?
True
Is 684 a multiple of 38?
True
Is 1918 a multiple of 11?
False
Does 32 divide 1120?
True
Is 5 a factor of 55?
True
Is 90 a multiple of 9?
True
Does 120 divide 7320?
True
Is 10 a factor of 27498?
False
Is 1182 a multiple of 53?
False
Is 15 a factor of 600?
True
Is 10744 a multiple of 83?
False
Is 66 a factor of 26564?
False
Is 10 a factor of 39576?
False
Is 648 a multiple of 54?
True
Is 760 a multiple of 76?
True
Is 1005 a multiple of 15?
True
Is 52 a factor of 614?
False
Is 5 a factor of 100?
True
Is 70 a factor of 5250?
True
Is 1887 a multiple of 51?
True
Is 532 a multiple of 8?
False
Is 20945 a multiple of 109?
False
Does 103 divide 18600?
False
Is 8 a factor of 192?
True
Is 4060 a multiple of 14?
True
Is 603 a multiple of 5?
False
Does 57 divide 15551?
False
Is 84 a multiple of 6?
True
Does 12 divide 777?
False
Is 658 a multiple of 52?
False
Is 250 a multiple of 25?
True
Is 65 a factor of 83067?
False
Does 35 divide 23811?
False
Is 149 a factor of 894?
True
Is 3 a factor of 73?
False
Is 3871 a multiple of 35?
False
Is 4 a factor of 502?
False
Does 3 divide 2127?
True
Is 19 a factor of 12650?
False
Does 69 divide 69?
True
Is 3288 a multiple of 3?
True
Does 52 divide 14460?
False
Is 6613 a multiple of 7?
False
Does 15 divide 13665?
True
Is 59032 a multiple of 18?
False
Is 6 a factor of 654?
True
Is 24637 a multiple of 14?
False
Is 4 a factor of 4065?
False
Does 39 divide 529?
False
Does 10 divide 1715?
False
Is 41044 a multiple of 31?
True
Does 7 divide 1250?
False
Is 11 a factor of 38117?
False
Does 4 divide 1049?
False
Is 594 a multiple of 66?
True
Is 8 a factor of 4555?
False
Is 44 a factor of 14899?
False
Does 14 divide 1736?
True
Is 8037 a multiple of 28?
False
Does 85 divide 554?
False
Is 5730 a multiple of 18?
False
Is 11 a factor of 7997?
True
Is 345 a multiple of 4?
False
Is 864 a multiple of 54?
True
Is 1841 a multiple of 162?
False
Does 3 divide 390?
True
Is 1611 a multiple of 12?
False
Is 81950 a multiple of 298?
True
Is 38 a factor of 4180?
True
Is 13035 a multiple of 165?
True
Is 55 a factor of 3324?
False
Is 14904 a multiple of 72?
True
Does 36 divide 277?
False
Is 13 a factor of 38524?
False
Is 52 a factor of 1508?
True
Is 12 a factor of 1009?
False
Is 25 a factor of 475?
True
Is 12032 a multiple of 15?
False
Does 17 divide 40382?
False
Does 4 divide 6035?
False
Is 4 a factor of 8093?
False
Does 39 divide 7196?
False
Is 13 a factor of 1318?
False
Does 31 divide 899?
True
Is 37861 a multiple of 329?
False
Is 3800 a multiple of 8?
True
Is 72 a factor of 12963?
False
Does 5 divide 15?
True
Is 11 a factor of 32713?
False
Does 27 divide 17505?
False
Does 27 divide 1972?
False
Is 71 a factor of 994?
True
Is 5038 a multiple of 7?
False
Is 22 a factor of 374?
True
Is 4745 a multiple of 13?
True
Is 59532 a multiple of 82?
True
Does 73 divide 2263?
True
Does 5 divide 6049?
False
Is 3035 a multiple of 22?
False
Is 5760 a multiple of 153?
False
Does 4 divide 524?
True
Is 64 a factor of 27109?
False
Is 876 a multiple of 84?
False
Does 23 divide 2691?
True
Does 34 divide 237?
False
Does 20 divide 5680?
True
Is 3584 a multiple of 112?
True
Does 78 divide 82239?
False
Is 66564 a multiple of 43?
True
Does 9 divide 197?
False
Is 4 a factor of 244?
True
Is 113 a factor of 10057?
True
Is 136 a factor of 30192?
True
Is 133 a factor of 2394?
True
Is 61 a factor of 2083?
False
Does 26 divide 4888?
True
Is 21962 a multiple of 38?
False
Does 14 divide 765?
False
Is 39032 a multiple of 82?
True
Does 69 divide 3207?
False
Is 68 a factor of 9944?
False
Is 10 a factor of 32560?
True
Is 2235 a multiple of 15?
True
Does 9 divide 28479?
False
Is 9941 a multiple of 4?
False
Does 2 divide 13620?
True
Is 506 a multiple of 46?
True
Is 396 a multiple of 11?
True
Is 101 a factor of 1920?
False
Is 21 a factor of 7182?
True
Does 9 divide 3060?
True
Is 876 a multiple of 4?
True
Is 9 a factor of 4203?
True
Does 31 divide 7099?
True
Is 66 a factor of 1188?
True
Is 19 a factor of 1102?
True
Is 276 a multiple of 46?
True
Is 45249 a multiple of 254?
False
Is 7 a factor of 2121?
True
Does 28 divide 5004?
False
Is 30 a multiple of 10?
True
Is 5516 a multiple of 28?
True
Is 137 a multiple of 5?
False
Is 66 a multiple of 55?
False
Is 76 a factor of 78?
False
Is 2106 a multiple of 18?
True
Is 12 a factor of 108996?
True
Is 228 a multiple of 75?
False
Does 68 divide 2216?
False
Is 189739 a multiple of 157?
False
Does 16 divide 587?
False
Does 12 divide 660?
True
Is 2351 a multiple of 55?
False
Does 4 divide 93?
False
Is 5 a factor of 2635?
True
Is 354 a multiple of 17?
False
Does 28 divide 6188?
True
Does 29 divide 2311?
False
Is 4545 a multiple of 9?
True
Does 9 divide 2142?
True
Does 2 divide 1462?
True
Does 81 divide 27216?
True
Is 144 a multiple of 6?
True
Is 19 a factor of 62149?
True
Is 17733 a multiple of 65?
False
Is 719 a multiple of 17?
False
Does 11 divide 407?
True
Is 444 a multiple of 14?
False
Is 38 a factor of 1976?
True
Does 64 divide 1280?
True
Is 14 a factor of 210?
True
Is 860 a multiple of 11?
False
Is 4030 a multiple of 6?
False
Does 8 divide 312?
True
Is 1472 a multiple of 8?
True
Is 68 a factor of 72556?
True
Is 193 a factor of 21786?
False
Is 7 a factor of 345?
False
Does 32 divide 57888?
True
Is 6 even?
True
Does 9 divide 74907?
True
Is 141 a factor of 10814?
False
Is 1038 a multiple of 12?
False
Is 14 a factor of 2531?
False
Does 6 divide 984?
True
Is 2818 a multiple of 13?
False
Does 5 divide 232?
False
Is 123 a multiple of 41?
True
Is 1733 a multiple of 63?
False
Does 33 divide 8613?
True
Is 486 a multiple of 18?
True
Does 104 divide 1845?
False
Does 103 divide 7356?
False
Is 29 a factor of 1305?
True
Is 6 a factor of 528?
True
Does 10 divide 17340?
True
Does 41 divide 91745?
False
Is 4971 a multiple of 285?
False
Is 4 a factor of 76?
True
Is 24 a factor of 139056?
True
Does 8 divide 3534?
False
Does 37 divide 1665?
True
Is 40 a multiple of 2?
True
Does 81 divide 810?
True
Is 15344 a multiple of 14?
True
Is 422 a multiple of 9?
False
Is 10187 a multiple of 44?
False
Is 64 a factor of 1088?
True
Is 5 a factor of 47?
False
Is 410 a multiple of 18?
False
Is 589 a multiple of 56?
False
Is 19987 a multiple of 23?
True
Does 82 divide 2279?
False
Is 87 a factor of 274?
False
Is 570 a multiple of 30?
True
Is 51 a factor of 53172?
False
Is 52 a factor of 7165?
False
Is 7 a fact